mber?
True
Is 151967303 a composite number?
True
Is 338381 a prime number?
False
Is 9628303 a composite number?
False
Is 5318503 composite?
False
Is 25576889 composite?
True
Is 216585749 prime?
True
Is 329501 prime?
False
Is 3593813 prime?
False
Is 345619193 prime?
True
Is 237373 prime?
True
Is 4582777 a composite number?
False
Is 13049039 prime?
True
Is 4975585 a prime number?
False
Is 146472143 composite?
True
Is 1326803 a prime number?
False
Is 8786779 prime?
True
Is 518198 a prime number?
False
Is 862649 a composite number?
False
Is 4670993 a prime number?
False
Is 21983443 composite?
True
Is 20826847 composite?
True
Is 1433239 composite?
False
Is 2955371 prime?
True
Is 11785811 a prime number?
False
Is 6691969 prime?
True
Is 9201993 prime?
False
Is 1024687 composite?
True
Is 12314537 composite?
False
Is 4568101 prime?
False
Is 145242673 a prime number?
True
Is 511624733 prime?
False
Is 67585327 composite?
True
Is 569504731 a composite number?
True
Is 83061305 prime?
False
Is 1591697 a composite number?
False
Is 85400713 a composite number?
False
Is 15270533 a composite number?
False
Is 3732131 a prime number?
False
Is 1008317 a prime number?
True
Is 608173 composite?
True
Is 176100031 a composite number?
True
Is 340529 prime?
False
Is 37651099 composite?
False
Is 16227233 a composite number?
True
Is 18852109 a prime number?
True
Is 1669159 composite?
True
Is 63352265 a prime number?
False
Is 47514279 prime?
False
Is 73573243 composite?
False
Is 3767593 a composite number?
True
Is 54834697 prime?
False
Is 214745021 prime?
False
Is 353594603 a prime number?
True
Is 21461173 a composite number?
False
Is 1282040389 composite?
True
Is 16532701 composite?
False
Is 6818347 a prime number?
True
Is 10094053 prime?
True
Is 270079457 a composite number?
False
Is 8841143 composite?
True
Is 536687 a composite number?
False
Is 11040383 a composite number?
False
Is 4249067 prime?
True
Is 31162457 prime?
False
Is 46402721 a prime number?
True
Is 171371099 a prime number?
True
Is 102433741 a composite number?
True
Is 1576519 a prime number?
False
Is 775517 a prime number?
True
Is 2847127 prime?
True
Is 10131721 a prime number?
True
Is 43635973 a composite number?
False
Is 16537541 composite?
False
Is 465761 a composite number?
False
Is 184096849 prime?
False
Is 6078047 a prime number?
True
Is 9466031 a composite number?
True
Is 4896859 composite?
True
Is 712847521 composite?
True
Is 38909959 composite?
True
Is 37830223 a prime number?
True
Is 9324353 a composite number?
False
Is 177978835 a composite number?
True
Is 15680741 composite?
False
Is 1332253 a prime number?
False
Is 1306213 a prime number?
True
Is 72369743 a composite number?
True
Is 23503157 a composite number?
False
Is 22016987 a composite number?
False
Is 204487 a prime number?
True
Is 543379 a prime number?
True
Is 1510189 prime?
True
Is 18022379 composite?
False
Is 23016641 a composite number?
False
Is 4226671 a composite number?
False
Is 642851 composite?
True
Is 8030541 prime?
False
Is 858853 prime?
False
Is 291030199 a composite number?
True
Is 19189879 composite?
False
Is 71858737 prime?
False
Is 3559861 composite?
False
Is 996818377 prime?
True
Is 61366603 a prime number?
False
Is 5447006 a prime number?
False
Is 268874293 composite?
False
Is 860677 a prime number?
False
Is 42383071 a composite number?
False
Is 9777589 a prime number?
False
Is 81313109 a composite number?
False
Is 38927719 a prime number?
False
Is 1346243 a composite number?
False
Is 487223 composite?
True
Is 46681799 a composite number?
False
Is 7796431 composite?
True
Is 1746109 a prime number?
True
Is 820087 a composite number?
True
Is 981679 prime?
False
Is 808627 composite?
False
Is 1869487 composite?
False
Is 25544017 composite?
True
Is 192683801 a composite number?
True
Is 21005213 prime?
False
Is 90559291 a composite number?
False
Is 1098017 prime?
True
Is 32877883 a prime number?
True
Is 7305527 prime?
False
Is 42471655 a prime number?
False
Is 8429159 composite?
True
Is 8537171 prime?
False
Is 4672813 composite?
False
Is 957263 prime?
True
Is 2385213 a prime number?
False
Is 1357457 prime?
False
Is 273214871 a prime number?
False
Is 12226483 a composite number?
True
Is 7791581 prime?
False
Is 89595029 prime?
False
Is 1902203 a prime number?
True
Is 492786083 composite?
False
Is 307824085 composite?
True
Is 467413 composite?
True
Is 727157 a prime number?
True
Is 78178627 a composite number?
False
Is 62207473 prime?
True
Is 115684259 a prime number?
False
Is 177613363 prime?
False
Is 15225521 composite?
False
Is 167430877 composite?
False
Is 585583 prime?
False
Is 309653 a composite number?
True
Is 19889377 a prime number?
True
Is 6859311 a prime number?
False
Is 969197 a composite number?
True
Is 51015907 a composite number?
False
Is 3328459 a prime number?
True
Is 17944414 a composite number?
True
Is 91005809 composite?
False
Is 7678031 composite?
False
Is 8249677 composite?
True
Is 3823451 composite?
True
Is 23391649 composite?
False
Is 195042313 composite?
True
Is 1189369 a prime number?
False
Is 1517339 composite?
False
Is 16780537 prime?
True
Is 3923945 prime?
False
Is 1044473 composite?
True
Is 17993623 composite?
False
Is 7248665 prime?
False
Is 118228106 a prime number?
False
Is 20139253 a prime number?
False
Is 240179 a composite number?
True
Is 37178639 a prime number?
True
Is 5313593 composite?
True
Is 13055501 prime?
True
Is 95912785 a prime number?
False
Is 24649241 a composite number?
True
Is 277702921 composite?
True
Is 3418637 a prime number?
False
Is 288753599 composite?
True
Is 418082279 a prime number?
True
Is 40379303 prime?
False
Is 5318953 a prime number?
True
Is 5381983 a prime number?
False
Is 2447317 composite?
True
Is 818947 prime?
True
Is 17696093 a composite number?
True
Is 2152253 composite?
True
Is 3840286 composite?
True
Is 23558027 a composite number?
False
Is 1625597 a composite number?
True
Is 12313447 prime?
True
Is 125207993 composite?
True
Is 29909549 prime?
True
Is 262348769 a prime number?
True
Is 90599 prime?
True
Is 154067213 prime?
True
Is 8358131 a prime number?
False
Is 3678083 a composite number?
False
Is 10424495 a composite number?
True
Is 9103 composite?
False
Is 3224363 a composite number?
True
Is 364663 prime?
False
Is 18173039 a composite number?
False
Is 27017651 a composite number?
True
Is 59935891 a composite number?
True
Is 2486333 composite?
False
Is 2722087 a composite number?
False
Is 43624645 prime?
False
Is 895177 prime?
False
Is 2987297 a prime number?
True
Is 1066859 prime?
True
Is 4241981 a prime number?
False
Is 4060031 prime?
False
Is 5100791 composite?
False
Is 15796687 prime?
False
Is 115117 a prime number?
True
Is 22715981 a prime number?
True
Is 23257651 a prime number?
True
Is 315058021 a composite number?
False
Is 9175057 composite?
False
Is 670261 prime?
True
Is 12876779 a composite number?
False
Is 46153559 a prime number?
True
Is 19014769 a composite number?
False
Is 2605595 a composite number?
True
Is 70627553 a prime number?
True
Is 32302169 a composite number?
False
Is 3919369 a composite number?
False
Is 1425066805 prime?
False
Is 1435829 composite?
False
Is 70181101 prime?
True
Is 3214363 a composite number?
True
Is 672557 prime?
True
Is 7018405 composite?
True
Is 5768227 composite?
True
Is 3762257 a prime number?
False
Is 224870381 prime?
True
Is 653560091 prime?
True
Is 164952083 a prime number?
True
Is 340601221 composite?
True
Is 45979111 a composite number?
False
Is 14904941 a composite number?
False
Is 857414409 a composite number?
True
Is 27643691 composite?
True
Is 41751841 a prime number?
True
Is 233069 composite?
False
Is 1774601 prime?
True
Is 40496765 a composite number?
True
Is 231769049 prime?
False
Is 1957152891 composite?
True
Is 4617073 a prime number?
True
Is 51004543 a composite number?
True
Is 6970193 a composite number?
False
Is 31848857 prime?
True
Is 27412571 a composite number?
False
Is 90623609 a composite number?
False
Is 582273917 a composite number?
False
Is 30614539 a composite number?
True
Is 39661217 prime?
True
Is 8665849 a composite number?
False
Is 343633 prime?
False
Is 2111771 composite?
False
Is 7700806 prime?
False
Is 5310901 a composite number?
True
Is 5921153 a composite number?
True
Is